7*p**2 + 7*p - 9. Let z(g) = 3*g**2 - 3*g + 4. Let x(l) = -4*h(l) - 9*z(l). Give x(3).
6
Let d(u) be the second derivative of -u**6/360 - u**5/60 + u**4/12 + 8*u. Let r(n) be the third derivative of d(n). What is r(-3)?
4
Let w(a) be the first derivative of -a**4/4 + 2*a**3/3 - a**2 + 2*a + 5. Calculate w(2).
-2
Let h(n) = -4*n**2 - n**2 + 0*n**2 - 1 + 3 + n**3. Determine h(2).
-10
Suppose 3*t = 4 + 5. Suppose 4*s + 4 = 3*h, -5*h - 13 = -33. Let x(p) = p**s - 3*p**2 - 1 + 4*p + p**2. Give x(t).
2
Let c(u) = 21 + 2*u**2 - 2*u - 21 + u**3. Let p be c(-3). Let h(m) = -m**3 - 4*m**2 - 2*m. Determine h(p).
-3
Suppose -4*i + 9*i - 10 = 0. Suppose 0*q + i*x = -3*q + 1, 5*x - 7 = -3*q. Let p(h) = -5*h - 1. Give p(q).
4
Let k(m) = m**2 - 6*m - 6. Let h(w) = -w**2 + 6*w + 6. Let p(b) = 4*h(b) + 5*k(b). Give p(6).
-6
Let s be -2 - (2 - 12/2). Let y(t) = 7 + 0*t + t - t**3 - t**2 - 4*t**s. Let v = -4 + -1. What is y(v)?
2
Let a(q) = -q - 2. Suppose 0 = -3*n - 2*l - 23, 2*n + 9 = n - l. What is a(n)?
3
Let r(q) be the third derivative of -q**5/60 - q**4/4 + q**3/2 + 35*q**2. Suppose 0 = -4*h + l + 2 - 8, 3*h - 3*l = -9. Let m be -2*((-5)/2)/h. What is r(m)?
8
Let t be (-21)/(-4) - (-1)/(-4). Let n(a) = 2*a**2 + 7*a + 5. Let r be n(-4). Let l = t - r. Let i(m) = -m + 1. Give i(l).
5
Let x(d) = d**3 - d - 8. Let c = -28 - -28. Determine x(c).
-8
Suppose 0 = f + 2 - 1. Let o(y) = -2*y + 2*y**2 + 3*y + 11*y**3 - 2*y**3. Determine o(f).
-8
Let m be (60/(-9))/((-1)/(-3)). Let o be 16/9 + m/(-90). Let u(y) = 2*y**2 - 2*y - 2. Give u(o).
2
Let b(t) = 1 + 6 - t**2 - 1 + 4*t. Let q(a) = -a**3 - 12*a**2 + 14*a + 13. Let c be q(-13). Suppose -5 = -r - c*r. Determine b(r).
1
Let c(j) = 4*j**2 + 2*j + 3. Let g = 3 + -4. Let l(k) = -k**2 - 1. Let o(b) = g*c(b) - 5*l(b). Let i(y) be the first derivative of o(y). Determine i(-3).
-8
Let c(d) = -13*d - 12. Let m(o) = 3*o - 1 - 3 + 7. Let s(i) = 2*c(i) + 9*m(i). What is s(-6)?
-3
Let q(d) = 13*d**2 - 22*d - 2. Let v(a) = 4*a**2 - 7*a - 1. Let t(n) = -2*q(n) + 7*v(n). Give t(4).
9
Let a(j) = j**3 - 8*j**2 - 8*j - 7. Let f be a(9). Let q be 32/20 + f/5. Let y(v) = 13*v - 8. Let h(o) = -7*o + 4. Let t(z) = 11*h(z) + 6*y(z). What is t(q)?
-2
Let i(c) = 4*c - 4 - 2*c - c. Let t be i(0). Let m = t + 0. Let v(p) = -p - 4. Calculate v(m).
0
Let n(h) be the third derivative of h**4/24 - h**3/3 + h**2. Let c(s) = s - 1. Let r(k) = -7*c(k) + 6*n(k). Calculate r(-5).
0
Let k be (-6)/21 + 16/7. Let s = k - 2. Let r(j) = -1 + 4*j + 0 - 5*j. Give r(s).
-1
Let d(s) be the first derivative of 1/12*s**4 - s**2 + 0*s**3 + 2 + s. Let f(i) be the first derivative of d(i). What is f(-2)?
2
Let m(w) = w. Let d(v) = v + 1. Let b(r) = d(r) + m(r). Determine b(-3).
-5
Let q(a) be the third derivative of -4*a**2 + 0 - 1/60*a**5 - 1/40*a**6 + 0*a + 1/24*a**4 + 0*a**3. Determine q(1).
-3
Suppose -h + 10 = -5*x + x, h = 5*x + 12. Suppose -i - h*i + 3 = 0. Let d(u) = 4*u**2 + u - 1. Determine d(i).
4
Let l(r) = r**2 - 21*r + 44. Let k be l(18). Let n(f) = -f**2 - 13*f - 14. Calculate n(k).
16
Let c(h) be the second derivative of h**3/6 - 4*h**2 + 8*h. Determine c(7).
-1
Let c(w) = w**3 + 3*w**2 + 2*w. Let o = -23 + 20. What is c(o)?
-6
Let r(d) = -d - 2. Let l be r(-3). Suppose -4*k - g = 4 - l, 5*g + 15 = 0. Let c = -4 + k. Let s(q) = q + 2. Give s(c).
-2
Let b = 2 - 5. Let c(s) = 3*s**2 - 8 + 21 - 6 + 4*s + 16. Let f(m) = m**2 + m + 8. Let p(d) = b*c(d) + 8*f(d). Give p(-4).
-5
Let c(o) = -3*o + 1 + 3*o - o. Let g(t) = t. Let b(a) = 2*c(a) + g(a). Calculate b(5).
-3
Let j(f) = -f**2 - 4*f + 2. Suppose 0 = 4*s - 9 - 3. Suppose 6 = s*g - 3*o + 15, 2*o + 18 = -4*g. Give j(g).
2
Suppose 8*u = 374 + 66. Let w(r) = 56 - 4*r - u - 6*r. Let d be 10/(-6) - (-6)/9. Calculate w(d).
11
Let h = 2 - -3. Let j(s) be the second derivative of s**4/12 - 2*s**3/3 - 5*s**2/2 + 10*s. Determine j(h).
0
Let f(w) be the first derivative of -2*w**2 - 1. What is f(-3)?
12
Let g(f) = 4*f**3 - f**2 + 2*f - 1. Let o be g(1). Let x(a) be the second derivative of -a**5/20 + 5*a**4/12 - a**3/2 - 2*a**2 - 2*a. Give x(o).
0
Let u = 1 - 1. Let y be 1 - u - (-1 - 0). Let t(q) = 5 - 5*q - y + 4*q - q. What is t(3)?
-3
Let z(g) = 13*g + 3 - 6*g + 6 + g**2. Let y be z(-6). Let n(d) = d**2 - d + 4. Give n(y).
10
Let g(t) = -2*t + 7. Let y(r) = -3*r + 13. Let d(i) = -5*g(i) + 3*y(i). Suppose w + z - 6 = 0, 3*z + 44 = 4*w - 8. Suppose -2 = -4*f + w. Give d(f).
7
Let n(h) = -3*h - 3. Let d(z) = -2*z - 3. Let u(s) = 5*d(s) - 4*n(s). What is u(4)?
5
Let s(f) = -3*f - 7. Let y(c) = -3*c - 7. Let t(q) = -4*s(q) + 5*y(q). Let a(z) = -z**3 - 5*z**2 + 10*z + 18. Let h be a(-6). Determine t(h).
11
Let o(i) be the second derivative of i**5/20 - 5*i**4/12 + 2*i**3/3 - i**2/2 - 2*i. Determine o(3).
-7
Let x(u) = u**2 - 8*u + 4. Let h be x(8). Let m(d) = -4 - d - 3 + h. Determine m(0).
-3
Suppose -3 - 9 = -3*p. Suppose 5 = -p*o + 3*o. Let b(l) = l**3 + 6*l**2 + 2*l - 7. Calculate b(o).
8
Let i(a) = a**3 - a**2 - 5*a + 1. Let m be i(3). Let j(x) = -5*x**2 - 4*x - 3. Let k(q) = -3*q**2 - 2*q - 1. Let r(d) = 4*j(d) - 7*k(d). What is r(m)?
3
Let x(m) = 20*m + 21*m + 17*m - 54*m. Give x(3).
12
Let x(r) = r + 2. Let k = 28 - 15. Let g = k + -16. What is x(g)?
-1
Let k be 5*((-2 - -5) + -2). Let d(t) be the third derivative of t**4/12 - t**3/6 + 6*t**2. Determine d(k).
9
Let r(d) be the third derivative of -d**5/60 + d**4/8 - 2*d**3/3 + 28*d**2. Determine r(3).
-4
Let z(d) = 4*d - 1. Let a(o) = -o**2 - 6*o + 8. Let u be a(-7). Let b be 1*(-3 - (u - 3)). What is z(b)?
-5
Let d(z) = -3*z + 7. Let l(u) = -u + 3. Let h(m) = -2*d(m) + 5*l(m). Let o = 5 + 0. Give h(o).
6
Let u(f) = f**3 - f**2 + 1. Let r = 12 + -13. What is u(r)?
-1
Let g = -8 - -14. Let r be (0 - -1) + g/3. Let q(o) = o + 5*o**2 + 3 - o**2 - 2*o**2 - 3*o**2. What is q(r)?
-3
Let s(a) = -2*a - 5. Let p be 1/(-2)*-2 + -17. Suppose 45 = -4*q + f, 5*q + 49 = q + 5*f. Let m = p - q. Calculate s(m).
5
Let u(d) = -d + 6. Let q be u(9). Let h be (-3)/(-1) - (3 - 2). Let w(s) = s + 0*s - 1 + h. Calculate w(q).
-2
Let l(d) = 6*d**2 + 10*d - 5. Let v(c) = -7*c**2 - 11*c + 6. Suppose -y - 2*r + 26 = 3*y, 4*y + 4*r - 28 = 0. Let u(o) = y*l(o) + 5*v(o). Calculate u(-4).
-4
Let r(v) be the third derivative of v**6/120 + v**5/12 - 5*v**4/24 + v**3/6 - v**2. Let s = -250 + 244. Determine r(s).
-5
Let m(b) be the third derivative of 2*b**2 + 0 + 1/60*b**5 + 1/2*b**3 + 0*b - 1/12*b**4. Suppose 2*q - 13 = -19*y + 16*y, -4*y + 4*q = -4. What is m(y)?
6
Let z(p) be the first derivative of 1/60*p**5 - p**3 + 0*p + 0*p**2 + 4 + 1/6*p**4. Let b(l) be the third derivative of z(l). Give b(3).
10
Let c(d) = -d + 1. Let f be c(-3). Let l(z) = -3*z + 1. Let t(a) = 5*a - 1. Let b(w) = -11*l(w) - 6*t(w). Calculate b(f).
7
Let m(j) = 4*j**3 + 2*j**2 + 4*j + 1. Let g(n) = 9*n**3 + 3*n**2 + 7*n + 2. Let r(a) = 4*g(a) - 7*m(a). Give r(1).
7
Let f(i) be the third derivative of i**4/24 - i**3/6 - 6*i**2. Give f(3).
2
Suppose 3*k = -2 + 5. Let x be k*(-2 + -3) + 3. Let g(i) = 3 + 2*i + 0*i + 0*i. Determine g(x).
-1
Let t(x) = -4*x**3 + 3*x**2 + 3*x - 6. Let b(i) = -3*i**3 + 2*i**2 + 2*i - 8. Let u(k) = -3*b(k) + 2*t(k). Let q be (2 + -2)/2 + 0. Give u(q).
12
Let r(s) = s**3 - 6*s**2 - 10*s + 7. Let j be 3/(-2)*(-140)/30. Give r(j).
-14
Let u be -1*5/((-5)/7) + -3. Let q(g) = g**3 - 5*g**2 + 4*g - 2. What is q(u)?
-2
Let a(q) = -2*q + 24. Suppose -3*h + 8*o - 3*o = 4, 3*h = o - 8. Let k(b) = b - 12. Let y(m) = h*a(m) - 5*k(m). What is y(6)?
-6
Suppose -8 = -2*u + 2. Let h(y) = 11*y + 1 + u - 5 - 2*y. Calculate h(1).
10
Let l(u) = -1 + 5 + 8*u**2 - 7*u - 3 - u**3. Let b(w) = w**3 - 9*w**2 + 7. Let r be b(9). Let y be l(r). Let i(h) = -2*h**2 + h. Calculate i(y).
-1
Suppose -k + 30 = -6*k. Let u(c) = -14 - 6*c + c**3 + 5 + 10 + 5*c**2. Give u(k).
1
Let u(j) = 9*j**2 + j + 1. Let h be 0/(2/((-4)/(-6))). Suppose 4*r = 1 + 11, h = -4*s + 3*r - 13. Determine u(s).
9
Let c(h) be the first derivative of -h**4/4 + 4*h**3/3 + h**2/2 - 4*h - 4. What is c(4)?
0
Let a(s) = -4*s**2 - 4*s - 3. Suppose -5*d - 6 = 2*p, -3*p + 1 = -3*d - 11. What is a(d)?
-11
Let w(l) = 2*l**3 + l - 1. Let y be w(1). Let f(s) = -y*s + 3 + s + 0*s - s - s**2. What is f(2)?
-5
Let t be (-3)/(9/(-6))*2. Suppose t*r + 27 = 1